{"id":14,"date":"2014-10-15T14:18:33","date_gmt":"2014-10-15T14:18:33","guid":{"rendered":"http:\/\/gravmark.se\/?page_id=14"},"modified":"2019-06-16T18:16:04","modified_gmt":"2019-06-16T18:16:04","slug":"historik","status":"publish","type":"page","link":"https:\/\/gravmark.se\/?page_id=14","title":{"rendered":"Historik"},"content":{"rendered":"<p>&nbsp;<\/p>\n<h1><strong>Kort historik om Gravmark<\/strong><\/h1>\n<p><strong>\u00c5r 1750 fanns det tv\u00e5 nybyggen i Gravmark, 1777 fanns det fyra med sammanlagt 12 personer.<\/strong><\/p>\n<p><strong>1850 fick Gravmark sin landsv\u00e4g och 1881 h\u00f6lls byns f\u00f6rsta skolexamen. Antalet elever var d\u00e5 21. \u00c5r 1886 bodde det 57 personer i byn, f\u00f6rdelat p\u00e5 9 hush\u00e5ll. 1889 hade antalet personer v\u00e4xt till 120\u00a0 i sj\u00e4lva byn, medan &#8221;omlandet&#8221; hade 161 inv\u00e5nare.<\/strong><\/p>\n<p><strong>1932 p\u00e5b\u00f6rjades arbetet med att uppf\u00f6ra en skolbyggnad i Gravmark. Birger Lundgren, en av de som byggde skolan ber\u00e4ttar:<\/strong><\/p>\n<p><strong>Karl Eklund, fd g\u00e4stgivare\u00a0 och innehavare av byns telefonv\u00e4xel, hemmans\u00e4gare Israel Johansson och handelsman Elias Nyberg var de tre herrar som bekostade bygget.<\/strong><\/p>\n<p><strong>Dessa hade en \u00f6verenskommelse med S\u00e4var kommun att efter f\u00e4rdigst\u00e4llandet skulle kommunen sk\u00f6ta driften av skolan. Byggm\u00e4starna Forsberg&amp; Nilsson, Ume\u00e5, murarm\u00e4stare Konrad B\u00e4ckstr\u00f6m, S\u00e4var samt Johan och Birger Lundgren uppf\u00f6rde hela skolbyggnaden. Timl\u00f6nen minns Birger, l\u00e5g v\u00e4l p\u00e5\u00a0 cirka 65 \u00f6re timmen.<\/strong><\/p>\n<p><strong>Den f\u00f6rsta folkskolel\u00e4rarinnan var Gunvor B\u00e4ckstr\u00f6m medan Mats Nilsson blev den sista l\u00e4raren som undervisade vid den d\u00e5 60 \u00e5r gamla skolan.<\/strong><\/p>\n<p><strong>Examensdagen i juni 1993 upph\u00f6rde verksamheten i Gravmarks skola. kommundelsn\u00e4mdens ordf\u00f6rande, Berndt Andersson, som under \u00e5ren 1975-76 engagerat sig f\u00f6r skolans framtid och genom detta kommit att intressera sig f\u00f6r politiken, blev den som till sist, var tvungen att h\u00e5lla i klubban n\u00e4r S\u00e4var KDN beslutade om nerl\u00e4ggningen.<\/strong><\/p>\n<p><strong>Men Gravmarkortens byalag\u00a0 hade l\u00e4nge diskuterat m\u00f6jligheterna att f\u00f6rs\u00f6ka\u00a0 f\u00e5 tag p\u00e5 ett hus, som kunde anv\u00e4ndas till olika aktiviteter, s\u00e5 n\u00e4r tillf\u00e4lle gavs, togs kontakt med fastighetskontoret f\u00f6r att h\u00f6ra om byalaget kunde\u00a0 ta \u00f6ver den nedlagda skolan f\u00f6r en billig penning. 1000 skulle det kosta och snabbt var de pengarna inbetalda och huset var v\u00e5rt<\/strong><\/p>\n<p style=\"text-align: left;\"><strong>S\u00f6ndagen den\u00a0 November 1993 h\u00f6lls invigningen av bygdeg\u00e5rden. En namnt\u00e4vling hade utlysts och f\u00f6rslaget kl\u00e4ppstugan vann<br \/>\n<\/strong><\/p>\n<h4 style=\"text-align: left;\">En m\u00e4ngd olika aktiviteter har h\u00e5llits under \u00e5ren. F\u00f6rutom f\u00f6reningens egna och andra f\u00f6reningars m\u00f6ten, har man bedrivit kursverksamhet av olika slag,man har gympat, v\u00e4vt, serverat julbord, visat film f\u00f6r barnen, dansat ut jular, firat valborgsm\u00e4ssoaftnar och mycket, mycket annat.<\/h4>\n<p style=\"text-align: center;\"><strong>\u00a0<\/strong><\/p>\n","protected":false},"excerpt":{"rendered":"<p>&nbsp; Kort historik om Gravmark \u00c5r 1750 fanns det tv\u00e5 nybyggen i Gravmark, 1777 fanns det fyra med sammanlagt 12 personer. 1850 fick Gravmark sin landsv\u00e4g och 1881 h\u00f6lls byns f\u00f6rsta skolexamen. Antalet elever var d\u00e5 21. \u00c5r 1886 bodde &hellip; <a href=\"https:\/\/gravmark.se\/?page_id=14\">L\u00e4s mer <span class=\"meta-nav\">&rarr;<\/span><\/a><\/p>\n","protected":false},"author":1,"featured_media":0,"parent":0,"menu_order":0,"comment_status":"closed","ping_status":"closed","template":"","meta":[],"_links":{"self":[{"href":"https:\/\/gravmark.se\/index.php?rest_route=\/wp\/v2\/pages\/14"}],"collection":[{"href":"https:\/\/gravmark.se\/index.php?rest_route=\/wp\/v2\/pages"}],"about":[{"href":"https:\/\/gravmark.se\/index.php?rest_route=\/wp\/v2\/types\/page"}],"author":[{"embeddable":true,"href":"https:\/\/gravmark.se\/index.php?rest_route=\/wp\/v2\/users\/1"}],"replies":[{"embeddable":true,"href":"https:\/\/gravmark.se\/index.php?rest_route=%2Fwp%2Fv2%2Fcomments&post=14"}],"version-history":[{"count":5,"href":"https:\/\/gravmark.se\/index.php?rest_route=\/wp\/v2\/pages\/14\/revisions"}],"predecessor-version":[{"id":58,"href":"https:\/\/gravmark.se\/index.php?rest_route=\/wp\/v2\/pages\/14\/revisions\/58"}],"wp:attachment":[{"href":"https:\/\/gravmark.se\/index.php?rest_route=%2Fwp%2Fv2%2Fmedia&parent=14"}],"curies":[{"name":"wp","href":"https:\/\/api.w.org\/{rel}","templated":true}]}}